 s(18). Suppose 2*m = -c*x + 567, 4*x - 3*m = -x + 964. List the prime factors of x.
191
Let n(t) = 215*t + 4 + 6*t**2 - 2 + 0 - 219*t. Let c be n(1). What are the prime factors of (c - (-33)/(-9))*165?
5, 11
Let m(s) = 887*s**2 - 6*s - 9. What are the prime factors of m(-2)?
53, 67
Suppose 6*n - 7*n + 14 = -3*o, 3*n - 6 = -3*o. Let a(i) = 19*i**2 + 12*i + 2. What are the prime factors of a(n)?
3, 179
Suppose j = j - 3*j. Suppose j = -5*q + 4*f + 2362, 2*f = 2*q + 3*q - 2366. List the prime factors of q.
2, 3, 79
Let l be (-6 + 72/6)/3. Let f(d) = 70*d**2 - 6*d - 2. List the prime factors of f(l).
2, 7, 19
Let d(i) be the third derivative of -i**6/60 + i**5/15 + 5*i**4/24 - 2*i**3/3 - 11*i**2. Let x be d(4). What are the prime factors of x/(-1)*21/14?
2, 3
Let n = -2748 - -5102. What are the prime factors of n?
2, 11, 107
Let x(r) = 30*r**2 + 111*r + 19. List the prime factors of x(-19).
2, 5, 19, 23
Suppose 0 = 4*v - 1781 - 5551. Suppose 3*s - f - 1089 = 0, 0 = 4*s - 2*f + 381 - v. What are the prime factors of s?
3, 11
Let c(r) be the first derivative of -r**3/3 - 7*r**2 + 27*r + 14. Let q be c(-8). Let s = -61 + q. What are the prime factors of s?
2, 7
Let q = -82 - -88. Suppose c + 0*c = -q*c. Suppose c*u + 911 = 5*u + 4*p, -12 = -3*p. What are the prime factors of u?
179
Let v be 2 + 1/4*-38*-102. Let q = v + -411. What are the prime factors of q?
2, 5, 7
Let s(p) = -p**3 + 33*p**2 - 29*p + 168. What are the prime factors of s(27)?
3, 7, 179
Let p be (39/9)/((-2)/(-24)). Suppose -55*y = -49*y - 258. Let t = y + p. What are the prime factors of t?
5, 19
What are the prime factors of (-5 - (-20)/3)*(-12822)/(-2)?
5, 2137
Let q = -2 - -64. Suppose v + q = -5*b + 343, b - 3*v - 53 = 0. Suppose 0 = g - w - 0*w - b, -2*g + w + 112 = 0. List the prime factors of g.
2, 7
Let s be (9/(-5))/(-3) - (-81909)/285. Suppose 3*k = -3*n + 285 + s, -4*n = 5*k - 957. List the prime factors of k.
193
Let f = -122 + -536. Let n = -288 - f. List the prime factors of n.
2, 5, 37
Let p(y) = y**2 - 22*y - 14*y + 5 + 30*y. Let o be p(4). List the prime factors of -1 + 1/(o/(-348)).
5, 23
Let d be (-5*(-1)/(-10))/((-1)/10). Suppose 0 = -3*w - 2*c + 1153, d*w - 2*c = -0*c + 1943. List the prime factors of w.
3, 43
Let y(j) = 4*j + 21. Let s be y(-4). Suppose -7*m = -s*m. What are the prime factors of 20/(-8)*1*(-50 - m)?
5
Let u(w) be the third derivative of 79*w**4/12 - 155*w**3/6 + 74*w**2. List the prime factors of u(5).
5, 127
Let i = 2524 + 2014. List the prime factors of i.
2, 2269
Suppose -12*r = u - 5*r - 10903, 5*u = r + 54263. What are the prime factors of u?
2, 3, 67
Let n(b) = b + 9*b + 10 + 0. Suppose 15 = c + 2*w, -21*c + 24*c - 25 = -w. List the prime factors of n(c).
2, 5
Let k = 17 - 17. Suppose 0 = 2*y - k*y - 8. Suppose -2*t - 2*t + 96 = y*q, 0 = q - 5*t - 48. List the prime factors of q.
2, 7
Let z(f) = 947*f + 1070. List the prime factors of z(5).
3, 5, 43
Suppose 0 = -427*s - 8394514 + 25566746. What are the prime factors of s?
2, 11, 457
Suppose -4*r - 16 = 0, 4*r = 3*s + 22 - 2. Let p be 9 + 5/(15/s). Suppose p*q + 306 = 5*b + 76, 2*b = 4*q + 98. List the prime factors of b.
43
Let r = -148 - -150. Suppose 4*y + 18*q = 13*q + 5913, 5*y + r*q = 7370. What are the prime factors of y?
2, 23
Let k = 52344 - 14052. What are the prime factors of k?
2, 3, 3191
Let w(g) = -g**2 - 22*g + 5. Let v be w(-8). Let r = v + -200. Let y = r - -86. What are the prime factors of y?
3
Let r(p) = 3*p**3 + 2*p**2 - 4*p - 41. Let u be r(9). Suppose 2*o + 2*o - u = y, 0 = -2*o - 2*y + 1146. List the prime factors of o.
569
Suppose j + 3*v + 11 = 35, -8 = -4*v. Suppose -j*k = -7983 + 1449. What are the prime factors of k?
3, 11
Let w = 15 - 11. Suppose -w*p + p = -7*p. Suppose p = -2*i + 6*i - 264. What are the prime factors of i?
2, 3, 11
Let z(p) = p**3 - 21*p**2 + 25*p + 33. Let t be z(19). Let y = -155 - t. List the prime factors of y.
59
Let s(r) = 9*r**2 - 135*r - 393. List the prime factors of s(-23).
3, 47, 53
Let l(t) = 213*t + 10. Let j = -5 + 6. List the prime factors of l(j).
223
Suppose -4*k - 434 + 454 = 0. Suppose 224 = k*n - 591. List the prime factors of n.
163
Suppose -5*f - 5*y = -2*y - 21486, f - 2*y = 4292. Suppose 814 + f = 7*m. What are the prime factors of m?
2, 5, 73
Let v(p) = -3*p**2 + 9 + 47*p + 2*p**2 - 51*p. Let c = -15 - -10. What are the prime factors of v(c)?
2
What are the prime factors of (2/(-7) + (-399)/(-882))/(11/1016466)?
15401
Suppose 0*i = t + i - 56, 3*t - 4*i - 140 = 0. Suppose t*h - 42816 = 20*h. List the prime factors of h.
2, 3, 223
Let c(z) = 56*z**3 + 13*z**2 - 106*z + 130. List the prime factors of c(6).
2, 6029
Let t be 1/(-2)*10 - -16. Suppose 0 = -4*y - t*y + 7110. List the prime factors of y.
2, 3, 79
What are the prime factors of 42838 - 48/(-36)*-12?
2, 3, 13, 61
Suppose 2*k + k - 2*g = -856, 3*g + 1164 = -4*k. Let c = k - -416. What are the prime factors of c?
2
Let a = 58 + -57. Let d be (-7 + a)/(1 - 25/10). List the prime factors of 200/(-52) + d + 854/26.
3, 11
Suppose 75 + 21 = -4*q. List the prime factors of (6/(-4))/(q/4944).
3, 103
Suppose n = 4*m - 0*m - 8, -2*m - 4*n + 22 = 0. Let d(p) = 28*p + 58. What are the prime factors of d(m)?
2, 71
Let r be (24/(-14)*-1)/((-4)/14). Let c(n) be the second derivative of -23*n**3/6 - 23*n**2/2 - 5*n. List the prime factors of c(r).
5, 23
Suppose 5*a - 16*p = -18*p + 52550, 0 = 2*a + 2*p - 21020. What are the prime factors of a?
2, 5, 1051
Suppose 406 = 3*s - 4*i, s - i = i + 136. Let q = s + 72. List the prime factors of q.
2, 103
Let b = -56 + 68. Let i(v) = -5*v - 14. Let y be i(-6). Let f = y - b. List the prime factors of f.
2
List the prime factors of 0 - (44/44)/((-3)/201).
67
Let a(l) = 2*l**2 - 8*l - 5. Let k be a(5). Suppose -k = -4*b + 3. List the prime factors of 44*(3 + (-3)/b).
2, 3, 11
Let z(u) = 2*u**3 + 7*u + 12457. What are the prime factors of z(0)?
12457
Suppose -3*j + 15422 = -4*u, 65*u - 1 = 64*u. List the prime factors of j.
2, 3, 857
Let i be (113 + -113)*1/(-2). List the prime factors of 14668/14 + ((-18)/(-63) - i).
2, 131
Suppose 0 = -m - 46 + 105. Let v = m - -220. List the prime factors of v.
3, 31
Let b be (-4)/((-16)/12) - -112. Let j be (-15)/(-3) + (-1 - 67)*1. Let g = b + j. List the prime factors of g.
2, 13
Suppose -7*d + 8*d - 199 = 0. Suppose -2*l = -2*a - 40, a = 3*l + 6*a - 44. Let v = d + l. List the prime factors of v.
7, 31
Let f(b) = 5*b**2 + 20*b + 44. Let q be f(-22). Suppose -5*u - q = -2*m - 639, 3*m = 5*u + 2080. Suppose -m = -7*c + 2*c. What are the prime factors of c?
139
What are the prime factors of 19881 + (-2 - (-10)/(-20)*-4)?
3, 47
Let j = -289 + 1130. Let i = -520 + j. Let c = i - 180. What are the prime factors of c?
3, 47
Let d(s) = 35*s - 8*s + 10*s + 35. Suppose 132 = 29*m + 4*m. List the prime factors of d(m).
3, 61
Suppose 0 = 5*q + a - 52250, -2*a + 21371 = -3*q + 52708. What are the prime factors of q?
3, 43
Let j = -48 + 48. Suppose -3*t - 4*d - 544 = -8*t, 5*t + 5*d - 580 = j. Let b = t + -31. What are the prime factors of b?
3
Let o(j) = -329*j - 92. List the prime factors of o(-5).
1553
Suppose 31 = o - 45. Suppose u = -4*u + 5*l + 645, 629 = 5*u + 3*l. Let t = u + o. What are the prime factors of t?
7, 29
Let o = -820 - -823. Suppose b - 2*b - o = 0, 4*s - 8*b = 2312. What are the prime factors of s?
2, 11, 13
Let o(s) = -4*s + 24. Let d(b) = -b**2 - 7*b - 10. Let r be d(-5). Suppose r = -4*c - 73 - 27. List the prime factors of o(c).
2, 31
Suppose 4*r = -5*l + 12, -l + 4 = 2*r - 2. Suppose -i - 5*p + 63 + 237 = l, -4*i + 1223 = -3*p. What are the prime factors of i?
5, 61
Suppose 2*l = 4*y + 6 - 14, -4*y = 2*l + 8. Let m = 668 + -665. Suppose -3*s + 416 = 2*k, m*s - 3 - 3 = y. List the prime factors of k.
5, 41
Let u = -8185 - -14330. List the prime factors of u.
5, 1229
Let c = 1103 + -761. Let x = c - 198. What are the prime factors of x?
2, 3
Suppose 9*s - 51 = 39. List the prime factors of (374 - (-9 + s))/(1/3).
3, 373
Suppose 7*q - 140396 = 138659. List the prime factors of q.
5, 7, 17, 67
Suppose -5*i - 10*h + 78425 = 0, 0 = -15*h + 13*h + 8. What are the prime factors of i?
61, 257
Let o(b) = -b**3 + 58*b**2 + b - 64. Let s be o(58). Suppose 3*f = -f. List the prime factors of f 